
11
Let a be ((-1611)/21)/(52/(-364)). Calculate the highest common divisor of 3 and a.
3
Let m be (-3356)/(-12) + 0 - (-1)/3. Suppose 20*r - 106 = 18*r + 3*c, 3*r + 2*c - 172 = 0. What is the highest common divisor of r and m?
56
Let d be (-2)/40 + 27/(-135) - (-102)/24. Let j(c) = -4*c - 1. Let x be j(-1). Suppose -n + x + d = 0. Calculate the highest common divisor of 7 and n.
7
Let u be 7*13/(39/6). Calculate the greatest common divisor of 64 and u.
2
Suppose 2*d = -3*d + 60. Suppose -5*k + 5*a = -950, -6*k - 4*a = -k - 995. Let v = k + -99. Calculate the highest common factor of d and v.
12
Let n be (-441)/42*3/(9/(-2)). Suppose n*k - 1228 = 144. What is the highest common factor of 49 and k?
49
Let f(m) = 141*m - 5. Let b be ((-30)/24)/(-5) + (-3)/(-4). Let j be f(b). What is the greatest common divisor of j and 68?
68
Suppose -5*r = c - 126, 5*c = 6*r - 7*r + 6. What is the greatest common divisor of r and 6604?
26
Let c(z) = 12*z**2 - 112*z - 2845. Let j be c(86). Calculate the highest common divisor of 27 and j.
27
Let g(k) = -k + 2. Let r be g(-9). Let b be (-585)/(-2) - (-24)/16 - -3. Suppose 0 = 39*i - 36*i - b. Calculate the highest common divisor of i and r.
11
Let z = -93 + 94. Suppose k - z = 0, 0 = -5*u + k + 108 + 211. What is the highest common factor of u and 8?
8
Let u be 1 + (-6)/10 + (-2728)/(-5). Suppose 0 = 7*t - 378 - u. Let m(o) = -o**2 + 12. Let b be m(0). What is the greatest common factor of b and t?
12
Suppose 4*i - 2*r = 726, 0 = 5*i + 2*r - 5*r - 911. Calculate the greatest common divisor of 6586 and i.
178
Let o = 17975 - 15059. What is the highest common factor of o and 4536?
324
Let p be ((-32)/(-6))/((-4)/(-312)). Let q be (2 + 56/(-35) - 258/(-5))*1. Calculate the greatest common factor of p and q.
52
Let k be -282*((-90)/27 - 13). Calculate the highest common factor of 94 and k.
94
Let n = 1 + 7. Suppose s - 4 = -3*v, 4*s - 20 = n*s. Suppose -5*h - 17 = v, a = 4*h + 37. Calculate the greatest common factor of a and 105.
21
Let u be (22 + -8)/(12/762). Calculate the highest common factor of u and 127.
127
Let m(d) = -4*d + 43. Let p = 370 + -364. Let b be m(p). What is the highest common divisor of 95 and b?
19
Let d be (-6)/2*(-16)/24. Let i(s) be the third derivative of s**4/3 - s**3/6 + 2*s**2 - 33. Let v be i(d). What is the greatest common factor of v and 105?
15
Suppose 0 = j + 2*r - 8, 2*r - 3*r = 2*j - 4. Suppose -14*v - 728 = -j*v. Let x be -4 - v/(-1 + 3). What is the greatest common divisor of 11 and x?
11
Let d(y) = 2*y**2 - 74*y + 532. Let c be d(8). What is the highest common divisor of 1564 and c?
68
Let y be -2 - -1449 - 1281/183. What is the greatest common divisor of 25 and y?
5
Let j = -5299 + 7458. Calculate the highest common factor of j and 289.
17
Let f be -1 + 0 + (19 - -4). Suppose 5*l = -4*l - 198. Let b be 6/(29/l - 9/(-6)). Calculate the highest common divisor of f and b.
11
Suppose -2*b + 3*n + 705 = 0, 3*b + 75 = -10*n + 1147. What is the highest common divisor of 6 and b?
6
Let n = 150 + -38. Let d = -110 + n. Suppose -l + d*v = l - 80, -5*l - 3*v = -184. Calculate the highest common factor of 19 and l.
19
Let t(r) = -r**3 + 14*r**2 - 12*r - 11. Let w be t(10). Suppose 0 = -17*p + 275 + w. What is the highest common divisor of 56 and p?
8
Let m(n) = -11*n**2 - 132*n + 2. Let k be m(-12). Calculate the highest common divisor of k and 3462.
2
Suppose -14*j + 13*j + 40 = -y, -2*j + 92 = -5*y. Suppose -f + 0*f + 200 = 0. Suppose j*s - f = 31*s. Calculate the highest common factor of 16 and s.
8
Let z(t) = 167*t - 9157. Let r be z(55). Let g be 71 + (0 - 1) + 0. Suppose h = 5*i - 70, 5*i - 2*h = 2*h + g. What is the greatest common factor of i and r?
14
Suppose -13*f = -8*f - 1050. Suppose 5*t + 5*p - f = 0, -4*t + 83 + 77 = 2*p. Calculate the highest common factor of 171 and t.
19
Suppose -160*x + 14793 + 1342 = -22425. What is the greatest common divisor of x and 41693?
241
Let i(l) = 178*l**2 - 107*l + 466. Let a be i(7). What is the highest common factor of 388 and a?
97
Let c be (-170)/((4 + 2)/(-3)). Suppose 70*z - c*z = -5670. What is the greatest common divisor of z and 54?
54
Let b be 31 + (5 - 1/1). Suppose b*t - 23*t - 1080 = 0. Calculate the greatest common divisor of 120 and t.
30
Suppose -8*y - 3*y = -792. Let u be (-151)/(-8) - (-9)/y. Let h = 255 - 122. Calculate the highest common divisor of u and h.
19
Let m be 75/(436/424 - 1). Calculate the greatest common divisor of m and 371.
53
Let v be ((-36)/10)/(-18 + (-987)/(-55)). Calculate the greatest common divisor of 1034 and v.
22
Let u be -1 - 40/(-45) - 164/(-18). Let w = 14 - u. Calculate the greatest common factor of w and 55.
5
Let s(z) = -29*z**3 + 3*z**2 - 16*z + 22. Let q be s(2). Let u = q + 258. Calculate the greatest common factor of 91 and u.
7
Let s be (-35 + 32)/((-2)/(-4)). Let z be -3*s/(-18) - -4. Let c be 3/(-2)*10*-1. What is the greatest common factor of c and z?
3
Suppose 5*t - 5*f + 185 = -2*f, 0 = 3*t - 2*f + 112. Let a = -76 - t. Let g be (122/a - (-1)/3)*-7. Calculate the highest common factor of 54 and g.
18
Let x be ((-55)/(-56) - (-11)/(-88))*-7. Let q be 1/(18/27*x/(-508)). Let j = q - 113. Calculate the greatest common factor of j and 91.
7
Suppose 2737*h + 99 = 2740*h. Let g(o) be the second derivative of -o**4/12 + 11*o**2 + 6*o. Let v be g(0). Calculate the highest common factor of v and h.
11
Suppose 466 - 90 + 8 = 64*s. What is the highest common divisor of 3396 and s?
6
Let j(o) = 4*o + 1. Let c be j(-7). Let i be (c/6)/((-5)/(-10)). Let b be ((-30)/i)/((-2)/(-21)). Calculate the greatest common factor of 5 and b.
5
Suppose -2*j - 5*i + 8 = 0, 3*j - 1 + 7 = -3*i. Let q be 2/10 - (j + (-1276)/20). What is the greatest common factor of 10 and q?
10
Let j be ((-287)/35 - -9)/((-2)/(-5)). Suppose 5*t = -j*f + 411 - 120, 2*t = -3*f + 453. What is the greatest common divisor of 9 and f?
9
Let r = -809 - -5009. Calculate the highest common factor of 36 and r.
12
Let a = 31712 + -24773. Calculate the highest common factor of 1285 and a.
257
Let x(h) = 145*h**3 + 2*h**2 + 7*h + 5. Let c be x(-2). Let b = -919 - c. What is the highest common divisor of 44 and b?
22
Suppose -2*s + 2398 = 270. Suppose 2*j = 10*j + s. Let p = -81 - j. What is the highest common divisor of p and 78?
26
Let k = 91 + -91. Suppose k = -2*x + 181 - 65. What is the greatest common divisor of x and 203?
29
Suppose 3*v = 5 + 4, -d + 3*v = -15. Let g(f) = 5*f + 13. Let c be g(-7). Let t = d + c. What is the highest common factor of 1 and t?
1
Let x(z) = z**3 + 3*z + 10. Let r be x(0). Let i be r/(-2)*(-52 + 46). Calculate the greatest common factor of 195 and i.
15
Suppose 5*p - 3*m - 331 = 0, -4*p - 5*m + 113 + 137 = 0. Let h be -66 + p - (3/(-1))/1. What is the highest common factor of h and 8?
2
Let m be 0*5*(-3)/(-45) + 25. Let y be (-1 + m/15)/((-2)/(-27)). Let p(g) = 5*g**2 + g - 3. Let t be p(4). Calculate the highest common divisor of t and y.
9
Suppose 5*t + 7696 = 42*t. What is the greatest common factor of t and 28?
4
Let s(y) = -10*y**2 + 641*y - 23. Let z be s(64). What is the greatest common factor of 4223 and z?
41
Let q = 35 + -11. Let s = q + -20. Suppose -2*i + i - 495 = -s*h, -h - i + 120 = 0. Calculate the greatest common factor of 82 and h.
41
Let v be (-14607)/(-45) - 4/(-10). Suppose 964*z - 928*z = 900. Calculate the highest common factor of v and z.
25
Suppose 45*s - 3338 - 4492 = 0. What is the greatest common divisor of 24 and s?
6
Suppose 41*p - 342 - 970 = 0. Calculate the greatest common divisor of 12 and p.
4
Let f be (-285)/(-190)*2108/6. Calculate the highest common divisor of 62 and f.
31
Let s be ((-9 - -2) + -396)/(-1) - -2. Calculate the highest common factor of s and 2754.
81
Let t(f) = -2*f**2 + 17*f - 28. Let w be t(3). Let c(l) = -l**3 - 27*l**2 - 26*l + 5. Let y be c(-26). What is the greatest common factor of w and y?
5
Suppose -3*c = -12 - 12. Let p = -285 + 285. Suppose 12*v - 92 - 4 = p. Calculate the highest common factor of v and c.
8
Let d(h) = 175*h**2 + 108*h - 9. Let g be d(-3). What is the greatest common factor of g and 46?
46
Let i be 6/9*((-1899)/(-1))/(-3). Let v = i - -630. Calculate the highest common factor of v and 80.
16
Suppose -6*w - 558 = -4*j - 7*w